ds digit of 9441?
4
What is the thousands digit of 3868?
3
What is the tens digit of 3961?
6
What is the units digit of 13604?
4
What is the hundreds digit of 3777?
7
What is the units digit of 3010?
0
What is the units digit of 6115?
5
What is the units digit of 166602?
2
What is the tens digit of 1949?
4
What is the tens digit of 4579?
7
What is the tens digit of 15502?
0
What is the hundreds digit of 2313?
3
What is the thousands digit of 60749?
0
What is the hundreds digit of 7763?
7
What is the tens digit of 747?
4
What is the hundreds digit of 4284?
2
What is the ten thousands digit of 40612?
4
What is the tens digit of 16749?
4
What is the thousands digit of 2158?
2
What is the tens digit of 3823?
2
What is the units digit of 6514?
4
What is the units digit of 50970?
0
What is the units digit of 6702?
2
What is the thousands digit of 2479?
2
What is the thousands digit of 8888?
8
What is the tens digit of 12702?
0
What is the thousands digit of 27472?
7
What is the thousands digit of 2260?
2
What is the hundreds digit of 8416?
4
What is the hundreds digit of 17750?
7
What is the hundreds digit of 18152?
1
What is the hundreds digit of 3679?
6
What is the units digit of 2980?
0
What is the ten thousands digit of 37480?
3
What is the units digit of 461?
1
What is the hundreds digit of 15153?
1
What is the hundreds digit of 9110?
1
What is the tens digit of 807?
0
What is the hundreds digit of 1505?
5
What is the units digit of 451?
1
What is the units digit of 3?
3
What is the hundreds digit of 10171?
1
What is the tens digit of 39297?
9
What is the hundreds digit of 750?
7
What is the units digit of 455?
5
What is the thousands digit of 3760?
3
What is the units digit of 6514?
4
What is the hundred thousands digit of 132224?
1
What is the tens digit of 688?
8
What is the tens digit of 86269?
6
What is the thousands digit of 14173?
4
What is the hundreds digit of 1845?
8
What is the units digit of 3531?
1
What is the thousands digit of 6616?
6
What is the units digit of 2765?
5
What is the hundreds digit of 11648?
6
What is the hundreds digit of 4004?
0
What is the units digit of 399?
9
What is the hundreds digit of 9618?
6
What is the thousands digit of 4312?
4
What is the thousands digit of 12649?
2
What is the thousands digit of 1824?
1
What is the thousands digit of 29562?
9
What is the tens digit of 2413?
1
What is the hundreds digit of 2559?
5
What is the units digit of 11643?
3
What is the units digit of 1087?
7
What is the units digit of 406?
6
What is the thousands digit of 11002?
1
What is the tens digit of 11503?
0
What is the tens digit of 116?
1
What is the ten thousands digit of 80037?
8
What is the thousands digit of 3055?
3
What is the ten thousands digit of 44400?
4
What is the hundreds digit of 1359?
3
What is the tens digit of 699?
9
What is the tens digit of 1591?
9
What is the hundreds digit of 80229?
2
What is the units digit of 37968?
8
What is the thousands digit of 1672?
1
What is the hundreds digit of 29343?
3
What is the units digit of 53330?
0
What is the units digit of 6134?
4
What is the hundreds digit of 25395?
3
What is the thousands digit of 22718?
2
What is the thousands digit of 3619?
3
What is the hundreds digit of 968?
9
What is the units digit of 3207?
7
What is the units digit of 4053?
3
What is the units digit of 1697?
7
What is the tens digit of 2586?
8
What is the ten thousands digit of 105846?
0
What is the thousands digit of 65028?
5
What is the thousands digit of 1635?
1
What is the units digit of 25125?
5
What is the tens digit of 2579?
7
What is the hundreds digit of 335?
3
What is the hundreds digit of 520?
5
What is the units digit of 7707?
7
What is the units digit of 7301?
1
What is the thousands digit of 2132?
2
What is the units digit of 923?
3
What is the units digit of 43?
3
What is the units digit of 895?
5
What is the ten thousands digit of 29568?
2
What is the ten thousands digit of 17930?
1
What is the tens digit of 7825?
2
What is the units digit of 985?
5
What is the tens digit of 8787?
8
What is the units digit of 718?
8
What is the hundreds digit of 1693?
6
What is the units digit of 4215?
5
What is the units digit of 3992?
2
What is the hundreds digit of 3805?
8
What is the tens digit of 5394?
9
What is the tens digit of 25432?
3
What is the hundreds digit of 1227?
2
What is the tens digit of 2234?
3
What is the tens digit of 21449?
4
What is the thousands digit of 5609?
5
What is the thousands digit of 7014?
7
What is the hundred thousands digit of 195796?
1
What is the ten thousands digit of 14635?
1
What is the units digit of 35785?
5
What is the units digit of 6188?
8
What is the thousands digit of 15884?
5
What is the units digit of 20529?
9
What is the units digit of 3724?
4
What is the units digit of 236?
6
What is the hundreds digit of 21462?
4
What is the thousands digit of 2425?
2
What is the units digit of 3770?
0
What is the hundreds digit of 38723?
7
What is the units digit of 28372?
2
What is the hundreds digit of 1309?
3
What is the thousands digit of 20994?
0
What is the ten thousands digit of 44535?
4
What is the thousands digit of 51991?
1
What is the tens digit of 2235?
3
What is the hundreds digit of 4837?
8
What is the tens digit of 93011?
1
What is the tens digit of 2696?
9
What is the thousands digit of 4187?
4
What is the units digit of 3468?
8
What is the units digit of 13582?
2
What is the tens digit of 666?
6
What is the thousands digit of 7794?
7
What is the units digit of 6755?
5
What is the units digit of 5456?
6
What is the hundreds digit of 823?
8
What is the hundreds digit of 354?
3
What is the thousands digit of 9086?
9
What is the thousands digit of 3380?
3
What is the thousands digit of 19513?
9
What is the tens digit of 4450?
5
What is the thousands digit of 61273?
1
What is the units digit of 210?
0
What is the units digit of 8064?
4
What is the thousands digit of 46510?
6
What is the hundreds digit of 265?
2
What is the hundreds digit of 169079?
0
What is the units digit of 454?
4
What is the hundreds digit of 5042?
0
What is the thousands digit of 5781?
5
What is the units digit of 587?
7
What is the tens digit of 4553?
5
What is the tens digit of 1514?
1
What is the hundreds digit of 4650?
6
What is the thousands digit of 8573?
8
What is the hundreds digit of 3167?
1
What is the tens digit of 642?
4
What is the units digit of 610?
0
What is the ten thousands digit of 11125?
1
What is the units digit of 57435?
5
What is the thousands digit of 12478?
2
What is the tens digit of 1012?
1
What is the units digit of 9175?
5
What is the ten thousands digit of 22323?
2
What is the thousands digit of 2694?
2
What is the hundreds digit of 8128?
1
What is the tens digit of 24330?
3
What is the hundreds digit of 744?
7
What is the hundreds digit of 61132?
1
What is the hundreds digit of 2063?
0
What is the thousands digit of 8545?
8
What is the hundreds digit of 44583?
5
What is the tens digit of 300?
0
What is the thousands digit of 1887?
1
What is the units digit of 133702?
2
What is the tens digit of 532?
3
What is the units digit of 1231?
1
What is the units digit of 15374?
4
What is the units digit of 333?
3
What is the hundreds digit of 24133?
1
What is the hundreds digit of 622?
6
What is the thousands digit of 29965?
9
What is the hundreds digit of 5656?
6
What is the units digit of 9954?
4
What is the hundreds digit of 112?
1
What is the thousands digit of 3249?
3
What is the units digit of 1118?
8
What is the units digit of 843?
3
What is the thousands digit of 97763?
7
What is the ten thousands digit of 32939?
3
What is the hundreds digit of 896?
8
What is the units digit of 72483?
3
What is the units digit of 1741?
1
What is the tens digit of 72218?
1
What is the units digit of 2239?
9
What is the units digit of 26691?
1
What is the tens digit of 388?
8
What is the hundreds digit of 1297?
2
What is the ten thousands digit of 11825?
1
What is the hundreds digit of 11884?
8
What is the thousands digit of 2081?
2
What is the tens digit of 155?
5
What is the tens digit of 904?
0
What is the thousands digit of 3050?
3
What is the tens digit of 12907?
0
What is the tens digit of 25061?
6
What is the ten thousands digit of 19108?
1
What 